e c(99).
33
Let q(a) = -5*a**2 + 249*a - 1164. Determine q(44).
112
Let k(o) = -1239*o - 587155. Give k(-474).
131
Let a(g) = -g**3 + 2533*g**2 - 2937*g + 404. Give a(1).
-1
Let o(z) = -74442*z + 967751. Calculate o(13).
5
Let x(m) = -m**3 - 6*m**2 + 386*m + 1202. Give x(-3).
17
Let m(j) = 760*j - 11375. Determine m(15).
25
Let a(d) = -73225*d - 6883157. Give a(-94).
-7
Let s(y) = -2*y**3 + 11*y**2 + 198*y - 1001. Determine s(5).
14
Let p(k) = 20*k + 793. What is p(-27)?
253
Let q(x) = 16*x**2 + 1026*x - 873. What is q(-65)?
37
Let s(d) = 6*d**3 + 102*d**2 + 98*d + 92. Determine s(-16).
60
Let x(l) = 74*l**3 + 2294*l**2 + 102*l + 3176. Calculate x(-31).
14
Let r(o) = 1580*o - 48722. Calculate r(30).
-1322
Let c(s) = s**3 + 6*s**2 + 18713*s + 149823. Determine c(-8).
-9
Let l(a) = 2*a**2 - 353*a + 5602. Calculate l(14).
1052
Let v(i) = i**3 - 7*i**2 - 191*i + 1130. Calculate v(0).
1130
Let m(i) = 2*i**3 + 181*i**2 + 624*i + 1296. What is m(-87)?
-9
Let c(f) = -304*f + 22100. Give c(69).
1124
Let f(q) = 42877*q - 771706. Determine f(18).
80
Let u(t) = 15*t**3 + 9228*t**2 + 1820*t - 15383. Calculate u(-615).
-8
Let a(q) = q**3 + 18*q**2 + 3813*q + 68580. Give a(-18).
-54
Let k(q) = 6*q**2 + 1403*q - 18170. What is k(13)?
1083
Let v(w) = -84*w**2 + 916*w + 1835. Determine v(-2).
-333
Let i(b) = 485*b + 39040. Give i(-80).
240
Let s(n) = 2*n**2 - 29*n - 1183. Determine s(28).
-427
Let c(z) = -279895*z + 13994754. Calculate c(50).
4
Let h(p) = 2*p**2 + 454*p + 2771. Calculate h(-6).
119
Let k(w) = -6239*w + 25152. Determine k(4).
196
Let k(b) = -2374*b + 44892. Calculate k(19).
-214
Let r(i) = i**2 - 1289*i + 160161. Give r(139).
311
Let d(m) = 20*m - 3106. Give d(-57).
-4246
Let f(a) = -45612*a - 136847. Calculate f(-3).
-11
Let y(q) = 8656*q + 960824. Determine y(-111).
8
Let k(w) = w**2 - 85*w - 220. Give k(88).
44
Let y(s) = -23766*s + 47580. Determine y(2).
48
Let b(c) = -13*c**2 - 2832*c + 208648. What is b(-276)?
-8
Let l(g) = 381*g**2 - 6430*g + 50. Give l(17).
849
Let z(r) = -r**3 + 577*r**2 + 2659*r - 1202785. Calculate z(578).
33
Let r(m) = -2*m**3 + 239*m**2 - 9*m - 13052. Give r(119).
38
Let q(x) = 236*x**2 - 690*x + 432. Give q(2).
-4
Let s(f) = 2728*f**2 + 294620*f - 444. Calculate s(-108).
-12
Let b(d) = 3*d**3 + 137*d**2 - 45*d - 86. What is b(-46)?
-132
Let f(o) = -15*o**2 + 455*o + 8448. Give f(-13).
-2
Let p(h) = -h**3 + 78*h**2 + 10365*h + 349. Calculate p(-70).
-1
Let p(w) = -2*w**2 + 387*w - 11504. Calculate p(34).
-658
Let c(j) = -139026*j - 973203. What is c(-7)?
-21
Let n(o) = -o**3 - 54*o**2 - 645*o - 984. Calculate n(-15).
-84
Let o(d) = 2*d**2 + 442*d - 43630. What is o(74)?
30
Let z(f) = f**3 + 28*f**2 - 12322*f - 356494. What is z(-29)?
3
Let v(r) = 652*r + 16503. What is v(-24)?
855
Let m(n) = 342*n + 4292. Determine m(-13).
-154
Let b(n) = 8101*n**2 - 16392*n + 379. Determine b(2).
-1
Let k(w) = w**3 + 20*w**2 + 54*w + 63. Determine k(-18).
-261
Let w(h) = -8215*h - 65736. Give w(-8).
-16
Let a(o) = -9*o**2 - 79*o + 1345. Calculate a(-19).
-403
Let h(o) = 29*o**2 - 377*o - 42. Give h(13).
-42
Let a(q) = 143123*q - 429398. What is a(3)?
-29
Let z(r) = r**3 + 11*r**2 + 31*r - 38. Give z(-9).
-155
Let m(f) = 13794*f - 813850. What is m(59)?
-4
Let s(m) = m**3 + 74*m**2 + 677*m + 363. Give s(-65).
-5617
Let w(z) = 8*z**3 + 49*z**2 - 115*z - 727. Calculate w(-6).
-1
Let w(i) = 675*i - 34069. Calculate w(50).
-319
Let m(i) = 6*i**2 + 1762*i + 10358. Calculate m(-6).
2
Let l(q) = 17246*q + 362160. Calculate l(-21).
-6
Let f(z) = 10*z**2 - 1757*z - 15765. Determine f(-9).
858
Let v(c) = 15*c**3 - 246*c**2 + 319*c + 8. Determine v(15).
68
Let b(a) = -366*a + 6932. Give b(22).
-1120
Let k(g) = -27*g**3 - 2110*g**2 - 312*g + 3. Give k(-78).
3
Let i(r) = -6*r**3 - 363*r**2 - 201*r - 1187. Give i(-60).
73
Let i(x) = 2059*x**2 - 8232*x + 6. What is i(4)?
22
Let g(p) = -11233*p - 89890. Give g(-8).
-26
Let z(v) = 3*v**2 + 421*v + 9478. What is z(-114)?
472
Let g(a) = a**3 - 171*a**2 + 1247*a + 3636. What is g(10)?
6
Let t(z) = -z**3 + 34*z**2 - 1173*z + 34921. What is t(31)?
1441
Let q(k) = 5*k**2 - 105*k - 252. Give q(-22).
4478
Let p(l) = l**3 + 3323*l**2 - 46819*l - 337045. Determine p(-3337).
-8
Let p(i) = 5*i**2 + 570*i - 27927. Determine p(-151).
8
Let x(r) = -1235*r - 212676. Give x(-172).
-256
Let i(m) = -3116*m - 15552. Give i(-6).
3144
Let k(r) = 2857*r - 22850. Determine k(8).
6
Let h(a) = 11618*a - 673860. Determine h(58).
-16
Let y(d) = -9383*d - 1510687. Give y(-161).
-24
Let s(j) = -516205*j + 2064820. Determine s(4).
0
Let l(w) = -5592*w + 16783. What is l(3)?
7
Let w(z) = 144*z**2 - 27*z - 8. Calculate w(-2).
622
Let d(f) = -7*f**2 + 705*f - 1287. Calculate d(99).
-99
Let n(o) = o**3 + 16*o**2 + 88*o + 133. Give n(-9).
-92
Let f(o) = o**3 + 41*o**2 - 116*o - 1347. Calculate f(-43).
-57
Let n(a) = -12*a**2 + 541*a - 325. Determine n(45).
-280
Let q(n) = -127*n + 14805. Give q(123).
-816
Let v(a) = 522*a + 2439. Calculate v(-4).
351
Let q(r) = 4*r**3 + 16*r**2 + 148*r + 896. What is q(-5)?
56
Let z(l) = -l**3 - 4*l**2 + 4916*l + 1483. What is z(-72)?
43
Let l(s) = -12709*s - 8578569. What is l(-675)?
6
Let q(j) = 1010752*j - 12129020. Determine q(12).
4
Let l(n) = -n**2 + 25*n - 179. Calculate l(36).
-575
Let q(h) = -292*h - 16375. What is q(-56)?
-23
Let d(u) = -161*u**2 + 1390*u - 428. Give d(8).
388
Let x(a) = a**3 + 303*a**2 + 867*a - 9884. Determine x(-300).
16
Let f(y) = -423*y + 20364. What is f(48)?
60
Let o(l) = -16848*l + 10597368. Determine o(629).
-24
Let h(w) = -w**3 - 26*w**2 - 173*w - 71. What is h(-14)?
-1
Let t(c) = -c**3 + 7*c**2 - 1375*c + 26362. Calculate t(17).
97
Let r(y) = -30*y**2 - 832*y + 126. What is r(-28)?
-98
Let o(j) = 65*j + 1412. What is o(3)?
1607
Let m(w) = 47185*w - 896497. What is m(19)?
18
Let l(c) = 100450*c - 5122899. Give l(51).
51
Let r(i) = -i**3 - 13*i - 93. Determine r(0).
-93
Let i(l) = l**3 - 23*l**2 - 256*l + 37. Calculate i(-9).
-251
Let w(k) = 12369*k + 2325337. What is w(-188)?
-35
Let v(f) = 18304*f + 36632. Give v(-2).
24
Let b(i) = i**3 - 970*i**2 + 49463*i + 59. Give b(54).
5
Let d(w) = -6296*w + 37867. What is d(6)?
91
Let v(b) = 41892*b + 502719. Determine v(-12).
15
Let l(h) = 3*h**2 + 117*h - 1451. Determine l(11).
199
Let x(g) = -17883*g - 7153201. What is x(-400)?
-1
Let t(z) = -86792*z + 5901872. Determine t(68).
16
Let y(n) = -n**3 + 151*n**2 - 2046*n + 687. Calculate y(136).
-129
Let v(i) = 4684*i - 5390. Give v(2).
3978
Let t(a) = -4*a**2 - 394*a + 15397. What is t(30)?
-23
Let v(m) = 5*m**3 - 93*m**2 - 2806*m + 51464. What is v(18)?
-16
Let d(r) = -2*r**2 + 283*r + 90180. Give d(-153).
63
Let f(t) = t**3 + 2*t**2 - 80*t - 14. Determine f(12).
1042
Let f(v) = -v**3 + 104*v**2 - 683*v + 385. Give f(97).
-3
Let d(q) = -q**3 - 587*q**2 + 1761*q + 47. Give d(3).
20
Let n(c) = -736*c - 895. Determine n(-1).
-159
Let x(k) = 921*k - 114767. What is x(125)?
358
Let a(s) = 76*s**3 + 5*s**2 + 24*s + 18. What is a(-1)?
-77
Let n(s) = 226*s**2 + 25519*s - 2111. What is n(-113)?
36
Let m(f) = -5*f**2 - 698*f - 1597. Calculate m(-134).
2155
Let t(g) = -g**2 + 33791*g + 168967. What is t(-5)?
-13
Let z(r) = -r**3 + 110*r**2 + 2449*r + 604. Calculate z(129).
346
Let h(g) = g**3 - 210*g**2 - 1745*g + 81. Give h(218).
-137
Let f(u) = 38737*u + 348582. Determine f(-9).
-51
Let u(j) = j**3 - 22*j**2 - j + 774. Give u(15).
-816
Let q(t) = 172*t - 1470. Determine q(6).
-438
Let w(y) = 15*y**3 + 12*y**2 - 86*y - 504. Give w(-4).
-928
Let q(s) = -13*s**2 - 888*s - 5074. What is q(-62)?
10
Let c(y) = -3*y**3 + 394*y**2 + 264*y + 79. Determine c(132).
79
Let y(w) = -3*w**3 - 383*w**2 - 251*w + 457. Determine y(-127).
76
Let s(z) = 5*z**2 + 6776*z - 820077. Give s(-1467).
-24
Let a(o) = -o**3 + 171*o**2 + 191*o + 35. Calculate a(0).
35
Let y(h) = 734*h + 42660. What is y(-57)?
822
Let v(l) = -9937*l + 2842027. Determine v(286).
45
Let q(r) = -76597*r + 842562. What is q(11)?
-5
Let p(a) = -15*a**2 - 53*a + 4414. Determine p(-17).
980
Let d(b) = -b**3 + 100*b**2 - 203*b + 743. Give d(98).
57
Let v(i) = 29*i**2 - 902*i - 833. Determine v(32).
-1
Let f(q) = -q**3 + 44*q**2 - 85*q - 158. Determine f(42).
-200
Let v(n) = -9*n**3 + 15*n**2 - 113*n + 194. Determine v(3).
-253
Let h